99
a2a3 (base 13) to base 16
57a9
Convert 1071a (base 12) to base 9.
32764
-45440 (base 8) to base 16
-4b20
Convert -10020001 (base 3) to base 6.
-14514
What is -2c41 (base 15) in base 11?
-7167
What is -28232 (base 10) in base 16?
-6e48
What is 781 (base 9) in base 7?
1603
What is -26615 (base 9) in base 16?
-464c
What is -2448 (base 10) in base 4?
-212100
Convert 102 (base 10) to base 7.
204
2293 (base 13) to base 2
1001011110100
Convert -912 (base 11) to base 9.
-1454
Convert -930 (base 13) to base 14.
-7d6
Convert -2012020022 (base 3) to base 11.
-2a496
45374 (base 11) to base 5
4100123
-1170 (base 8) to base 4
-21320
Convert -10233002 (base 4) to base 11.
-13631
Convert 191d (base 14) to base 3.
20012222
1880 (base 11) to base 3
10021102
Convert 12011 (base 5) to base 15.
3db
What is -1133001 (base 4) in base 13?
-29ca
What is 8794 (base 10) in base 14?
32c2
Convert -1c819 (base 14) to base 9.
-121038
What is -333 (base 7) in base 2?
-10101011
What is -173 (base 14) in base 8?
-451
Convert -299 (base 14) to base 15.
-252
What is -6e92 (base 15) in base 8?
-55761
What is -13c6b (base 13) in base 8?
-110625
-1367 (base 10) to base 12
-95b
What is -27320 (base 8) in base 9?
-17385
-10113 (base 4) to base 14
-15d
What is 985 (base 11) in base 7?
3306
253305 (base 6) to base 13
a4b4
Convert 17865 (base 11) to base 10.
24997
Convert 1210 (base 6) to base 15.
149
Convert -1351104 (base 6) to base 10.
-76720
What is 635 (base 9) in base 15?
248
Convert 1100111010 (base 2) to base 15.
3a1
Convert -100002 (base 4) to base 7.
-2664
-3711 (base 10) to base 9
-5073
-25600 (base 8) to base 4
-2232000
What is 236 (base 9) in base 11?
168
Convert -2d2 (base 14) to base 5.
-4301
Convert -1cb9 (base 15) to base 6.
-44533
-731 (base 9) to base 15
-29a
30c (base 13) to base 5
4034
What is -50336 (base 7) in base 16?
-2f93
Convert -120311 (base 5) to base 9.
-6101
e26 (base 16) to base 3
11222011
What is 3206 (base 11) in base 5?
113431
Convert 144d (base 16) to base 6.
40021
Convert 10000100 (base 2) to base 10.
132
Convert 1375 (base 8) to base 14.
3c9
-4708 (base 10) to base 5
-122313
Convert 111111010 (base 2) to base 7.
1322
53701 (base 8) to base 5
1204330
-110014 (base 7) to base 10
-19219
-56272 (base 8) to base 16
-5cba
What is -704 (base 8) in base 7?
-1214
What is -2cd (base 16) in base 13?
-432
100303 (base 4) to base 7
3064
Convert -31131 (base 4) to base 10.
-861
Convert -1c84 (base 16) to base 14.
-2936
-2b9 (base 14) to base 3
-202120
Convert 2050 (base 6) to base 10.
462
Convert f7f (base 16) to base 6.
30211
Convert -46921 (base 11) to base 8.
-204116
-890b (base 12) to base 9
-22672
What is 13322113 (base 4) in base 16?
7e97
-454 (base 7) to base 9
-281
What is 6367 (base 8) in base 12?
1b07
What is 19749 (base 10) in base 7?
111402
What is 212201010 (base 3) in base 6?
212003
Convert -d81 (base 15) to base 7.
-11611
What is 1000010111100 (base 2) in base 13?
1c47
What is 545f (base 16) in base 10?
21599
What is -137 (base 13) in base 14?
-115
94b (base 13) to base 14
812
Convert 1555 (base 6) to base 11.
362
5333 (base 6) to base 16
4b9
101001001100010 (base 2) to base 5
1133330
1453 (base 9) to base 13
669
What is -75 (base 10) in base 6?
-203
Convert 352522 (base 6) to base 14.
b13c
760 (base 15) to base 16
681
Convert -11003210 (base 4) to base 14.
-7792
202100 (base 3) to base 2
1000100101
Convert 4598 (base 10) to base 12.
27b2
20111 (base 3) to base 7
340
What is 185 (base 16) in base 7?
1064
What is -6336 (base 7) in base 10?
-2232
What is -1350 (base 8) in base 15?
-349
3022 (base 12) to base 7
21122
Convert -24103 (base 7) to base 6.
-44454
-111100110 (base 2) to base 5
-3421
What is 28882 (base 9) in base 4?
10303130
Convert -10212 (base 6) to base 4.
-111200
What is 330 (base 8) in base 6?
1000
What is -1267 (base 8) in base 13?
-416
What is -1130035 (base 6) in base 11?
-3a91a
-2086 (base 15) to base 11
-5191
Convert 6564 (base 9) to base 14.
1a97
-1012110020 (base 3) to base 5
-1224113
Convert 33345 (base 6) to base 14.
19bb
-1512 (base 9) to base 13
-6a1
Convert 210 (base 13) to base 6.
1343
-26 (base 11) to base 12
-24
What is 673 (base 14) in base 16?
4fd
15213 (base 6) to base 4
212121
Convert -2585 (base 10) to base 9.
-3482
What is -223255 (base 6) in base 3?
-221220222
What is -10 (base 6) in base 4?
-12
What is -10000000101 (base 2) in base 4?
-100011
-13185 (base 9) to base 12
-51a2
What is 103240 (base 8) in base 7?
202323
What is -45314 (base 7) in base 9?
-16662
What is 760 (base 14) in base 7?
4150
What is 6173 (base 14) in base 11?
11658
-405312 (base 6) to base 10
-32300
1336 (base 7) to base 16
205
What is 1211102 (base 3) in base 8?
2466
Convert -2132 (base 6) to base 12.
-348
Convert 102210012 (base 3) to base 14.
31b9
Convert -1226 (base 8) to base 14.
-354
Convert -210112 (base 3) to base 13.
-359
What is 755 (base 16) in base 12?
1105
Convert 10454 (base 7) to base 4.
221030
1325521 (base 6) to base 9
122264
What is 421 (base 12) in base 6?
2441
What is 14232 (base 5) in base 10?
1192
Convert -4453 (base 7) to base 12.
-b1a
Convert -10001000011 (base 2) to base 4.
-101003
Convert 3032 (base 6) to base 12.
478
Convert 21100 (base 3) to base 15.
d3
-5553 (base 12) to base 3
-110221000
Convert -201120 (base 3) to base 13.
-318
Convert b51 (base 14) to base 7.
6331
Convert -69a4 (base 11) to base 12.
-5399
Convert -456 (base 8) to base 13.
-1a3
Convert 937b (base 13) to base 9.
30856
-444 (base 7) to base 8
-344
-120c (base 13) to base 3
-10111100
Convert 100101212 (base 3) to base 8.
15306
22030 (base 7) to base 13
267a
What is 365 (base 11) in base 5?
3214
Convert -16423 (base 7) to base 10.
-4672
Convert 4645 (base 15) to base 13.
6a34
What is 3641 (base 14) in base 6?
111453
Convert 660 (base 8) to base 3.
121000
What is 19583 (base 10) in base 9?
28768
-101101111 (base 2) to base 9
-447
What is 27a (base 14) in base 6?
2152
Convert 131003 (base 4) to base 6.
12335
-21346 (base 7) to base 11
-4002
Convert 23b4 (base 12) to base 9.
5461
What is -75b (base 16) in base 13?
-b1b
What is 143b (base 14) in base 11?
2766
Convert 70448 (base 9) to base 14.
12c2b
-243 (base 14) to base 16
-1c3
Convert 668 (base 12) to base 13.
578
58b5 (base 12) to base 3
111121202
3b6 (base 16) to base 6
4222
-102301 (base 4) to base 7
-3334
151 (base 8) to base 3
10220
Convert 241 (base 13) to base 3.
112111
What is -222 (base 10) in base 4?
-3132
What is 1000100101100011 (base 2) in base 15?
a64b
12544 (base 6) to base 12
1154
What is 15545 (base 6) in base 10?
2585
-1043 (base 7) to base 12
-272
14043 (base 12) to base 10
27699
What is -2021 (base 5) in base 3?
-100200
111001011010100 (base 2) to base 15
8a9b
Convert -1240 (base 10) to base 7.
-3421
395 (base 10) to base 12
28b
Convert 5405 (base 6) to base 5.
14404
-40022 (base 5) to base 9
-3401
332353 (base 7) to base 3
2222020111
Convert 11546 (base 8) to base 11.
3805
Convert 39f (base 16) to base 12.
653
Convert 409 (base 12) to base 4.
21021
Convert -1412 (base 11) to base 8.
-3444
What is -1030 (base 6) in base 4?
-3222
What is -33ba (base 16) in base 2?
-11001110111010
-202012200 (base 3) to base 11
-10084
What is -15363 (base 8) in base 7?
-26054
1011212 (base 3) to base 12
5b8
What is -1303131 (base 4) in base 2?
-1110011011101
What is -13a (base 11) in base 3?
-20002
8aa (base 11) to base 3
1111022
2c6b (base 13) to base 15
1de1
Convert 11110111010 (base 2) to base 11.
1539
224244 (base 5) to base 2
1111110001010
Convert -10c7d (base 15) to base 9.
-81271
12002001 (base 4) to base 9
36800
Convert 41502 (base 8) to base 12.
9b6a
-10101001 (base 3) to base 5
-34313
Convert 105550 (base 6) to base 9.
13383
What is 424 (base 8) in base 13?
183
-1983 (base 10) to base 13
-b97
Convert 442 (base 11) to base 9.
648
What is -221 (base 5) in base 11?
-56
What is 146253 (base 8) in base 3?
2122212120
Convert 10111101100000 (base 2) to base 12.
7028
Convert 1103 (base 4) to base 2.
1010011
Convert 253533 (base 6) to base 7.
123465
Convert -48 (base 11) to base 13.
-40
Convert -3ed (base 16) to base 15.
-470
-114 (base 15) to base 3
-100001
Convert 10212123 (base 4) to base 10.
18843
What is 10111001 (base 2) in base 11?
159
-1686a (base 12) to base 11
-22329
8107 (base 10)